09. Is t composite?
True
Is -2*((-5313)/6 + 1) a composite number?
True
Let b(v) = -v**3 - 4*v**2 + 6*v + 5. Let t be b(-5). Suppose 0 = -5*n - 5*c + 325, n = 2*c - t*c + 74. Suppose -8 = -4*g + n. Is g composite?
False
Let v = 237 + -25. Let n(u) = -u - 11. Let j be n(-9). Is (v/8)/((-1)/j) composite?
False
Suppose 0 = -3*x - 9, m - 6*m = -5*x - 30. Suppose -3*q = -2*q - m. Let s(d) = 12*d + 1. Is s(q) composite?
False
Is (1972/4 - 2)/(1 - 0) a composite number?
False
Let k(t) = t**2 - t + 2. Let h be k(2). Suppose 0 = -3*y - h*d + 1051, -y - d - d + 353 = 0. Let z = -94 + y. Is z prime?
True
Let i = 529 - 204. Suppose -4*j = -i - 847. Is j prime?
True
Suppose -3*a = -2*l + 1903, -2*a = l - 929 - 26. Is l composite?
False
Let w be ((-9)/(-6))/3*30. Let i = -13 + w. Is i a prime number?
True
Suppose 0 = 6*c + 58 - 1222. Is c prime?
False
Let v be -2*((-10)/4)/1. Suppose -v*y + 413 - 68 = 0. Is y composite?
True
Let x(v) = v + 67*v**2 - 2*v**2 - v**2 + 0*v. Is x(1) prime?
False
Suppose 4*s = 5*l + 3*s - 1020, -l - 5*s + 230 = 0. Is l a composite number?
True
Suppose -78 = -2*h + 2*p, -p = 2*h + h - 117. Is h prime?
False
Suppose -3*f = -226 + 61. Is f a prime number?
False
Let h = -88 - -171. Is h composite?
False
Suppose -y = -3*r - 3*y + 2357, -3*y = r - 788. Is r a prime number?
False
Suppose 3 = a - 1. Suppose -r = -a*r. Suppose 3*s - 2*s - 35 = r. Is s a composite number?
True
Let p(x) = -8*x**3 - 3*x**2 - x - 1. Let g be p(-2). Suppose -6 = -2*i - 0. Suppose 2*l = i*l - g. Is l a composite number?
False
Let t = 69 + -32. Is t composite?
False
Let p = 37 + 174. Is p composite?
False
Let l(f) = 4*f + 5. Is l(18) a composite number?
True
Let s = 27 - -32. Is s a composite number?
False
Suppose 0 = -5*b + 25, 3*b - 259 = -3*s + 4*b. Suppose -3*h - 5*u = -105, -2*h - 3*h + 3*u + 175 = 0. Let m = s - h. Is m a composite number?
False
Suppose 4 = -4*f + 12. Suppose -4*q + 4*p = -904, 0 = 5*q + f*p - 951 - 158. Is q a prime number?
True
Suppose -3*v - 402 = -5*v. Is v a composite number?
True
Let z = 1 + 45. Is z prime?
False
Suppose -5*a + 0*n - n = -38, 0 = -3*n + 9. Is a composite?
False
Let v(o) = o**2 - o - 4. Let m be v(3). Let l(x) = 2*x**3 - 4*x**2 + 2*x + 2. Is l(m) a prime number?
False
Let a = 2895 + -700. Is a prime?
False
Let h be -11*(3 + 4/4)*-1. Let y = 470 - 283. Suppose -4*m = -5*x + y, 2*m + h = x - m. Is x a composite number?
True
Let t(i) = -3*i**2 - 2*i - 2*i**3 - i**2 + i**3 - 2. Suppose -4*w - 3 = 13. Is t(w) a prime number?
False
Let y be 6 + (3 - 0 - 4). Suppose 0 = p - 2*b + 7*b - 180, y*p - 3*b - 760 = 0. Is p a composite number?
True
Suppose 0*t + t = 2. Suppose t*j - z - 6 = -j, 2 = j + 3*z. Is ((-3)/j)/(1/(-26)) prime?
False
Suppose -431 = -2*s + 5*r, s + 4*r - 5*r - 220 = 0. Is s a composite number?
False
Let a be (-2 - -1*6) + 0. Suppose -5 = -4*q + 7, a*x = 3*q + 379. Is x a prime number?
True
Suppose 0 = 10*n - 15*n - 35. Let g(t) = t**3 + 10*t**2 + 10. Is g(n) a prime number?
True
Let v(o) = -19*o - 1. Let y be v(3). Let w be (24/(-2))/(2/4). Let f = w - y. Is f composite?
True
Let x be 2/12 + (-418)/(-12). Suppose 3*r - 28 = x. Is r composite?
True
Suppose 0 = 2*g - 7*g - 5, 0 = -4*p - 4*g + 76. Let y be (15/(-10))/((-6)/p). Suppose y*f - 289 = -3*d - 23, 5*f - 278 = d. Is f composite?
True
Suppose -79 = -4*t + 17. Suppose -3*z - 25 - 2 = 0. Let a = z + t. Is a prime?
False
Let j(f) be the third derivative of -f**6/120 + 2*f**5/15 - f**4/8 - 4*f**3/3 - 3*f**2. Suppose -r + 0 = -2*c - 4, -3*r - c = -19. Is j(r) a composite number?
True
Suppose -10 = -3*p - 1, -2*f - 4*p = -434. Is f a composite number?
False
Suppose -3*o = -4*o - 5. Let h be (0 - o)*20/(-25). Let v = 43 + h. Is v composite?
True
Suppose -982 = -3*c + 1235. Is c composite?
False
Suppose -4*s + 2*s - 2251 = -5*f, 0 = -2*f - 2*s + 892. Is f prime?
True
Let y = 35 + -23. Let b = 6 + 15. Let q = y + b. Is q composite?
True
Let u = -17 - -15. Is (u/(-4))/((-1)/(-446)) a prime number?
True
Suppose -2*y + 7*y - 2439 = 2*d, 0 = 3*y + 2*d - 1457. Is y composite?
False
Is ((-13)/(-3))/((-6)/(-198)) a composite number?
True
Suppose 0 = -3*h - 5*z + 558, -605 - 325 = -5*h - 5*z. Suppose 4*b - h - 62 = 0. Is b composite?
True
Suppose -4*c + 1198 = -2*n - 3648, 4*c - 4855 = -n. Is c composite?
False
Let z = -13 - 7. Let a = z + 99. Suppose 5*m + 3*p = 85 + 36, 3*m = -5*p + a. Is m a prime number?
True
Suppose -5*u = 2*q + 3*q - 45, 2*u - 3*q + 2 = 0. Suppose -331 - 315 = -u*y - 3*l, 0 = y + 2*l - 125. Is y a prime number?
True
Let b(v) be the second derivative of 2*v + 0 + 1/6*v**3 + 35/2*v**2. Is b(0) a prime number?
False
Let r(o) = -11*o - 3. Let u be r(-3). Let i = u - -341. Is i composite?
True
Let y(m) = 4*m - 2. Let g(i) = i - 5. Let z be g(7). Let r be y(z). Let j(w) = 2*w**2 - 7*w + 1. Is j(r) a composite number?
False
Let k = 7 - 4. Suppose 0 = -2*u - k*u + 185. Is u a composite number?
False
Suppose -5*p = l - 25, -3*p = 3*l - 18 - 9. Suppose 2*q + l*i - 257 - 12 = 0, 4*q - 520 = -4*i. Is q composite?
False
Let o(r) = 142*r - 1. Let h be 1/(-2) - 18/(-12). Is o(h) prime?
False
Let f(l) = -l**2 + 17*l - 13. Suppose -2*i - 30 = 4*b, -6*i + 4*i = 5*b + 37. Let k = b + 16. Is f(k) a composite number?
False
Suppose 3*i = -5*n + 148, -5*i = -0*i - n - 200. Let l = i + -18. Let t = l + 32. Is t a prime number?
False
Suppose 0 = -2*d + 17 - 9. Suppose -60 = d*b - 400. Is b prime?
False
Let v = -77 + -4. Let r = v - -114. Is r prime?
False
Suppose -4*a + 3*a + 4*t = 4, 4*a = -3*t + 3. Let g(k) = -k**3 + 68. Let n be g(a). Suppose j + n = 3*j. Is j a composite number?
True
Let z(i) = -i**3 - 12*i**2 + 7*i - 19. Is z(-13) a prime number?
True
Let t = -5 + -1. Let l(s) be the first derivative of -s**4/4 - 7*s**3/3 - 4*s**2 - 9*s - 1. Is l(t) composite?
False
Let n(r) = r**3 + r**2 - 3*r - 1. Let p be n(-3). Let m be (-549)/(-5) + (-2)/p. Suppose -m = -3*z + z. Is z composite?
True
Let x = -1 + 1. Suppose -9 = 3*m - n, -2*m - 6 = -x*m - 3*n. Is (1/m)/((-4)/3684) prime?
True
Is -2*(-453)/2 + -4 composite?
False
Let l = -3 + 6. Suppose -2*n + 615 = l*n. Let g = n + -70. Is g a composite number?
False
Suppose -q + 36 = -10. Is q prime?
False
Suppose -2*u + 2*s = 6*s + 106, s = u + 44. Let c = u - -100. Is c composite?
False
Is 57 - (-1 + 4) - -4 a composite number?
True
Suppose 0 = -5*a + 8*a - 315. Let g = 50 + a. Is g a composite number?
True
Suppose 3 = 4*o + 5*j, -4*o - 2*j + 4 = 2*j. Suppose -o*k - 482 + 178 = 0. Is -1*(k - (3 + -6)) a composite number?
False
Let r be 8/2*(-4)/(-8). Suppose -r*w - 2*y + 0*y = 76, 3*w = 5*y - 146. Is (w/(-4))/(1/2) composite?
True
Let b = 153 + -58. Is b a composite number?
True
Let d(w) = 559*w + 63. Is d(8) composite?
True
Suppose h - 710 = 477. Is h composite?
False
Let b = 64 + 67. Is b composite?
False
Suppose -g + 5*g = 0. Suppose g*x = 5*x - 20. Suppose -2*f + 29 = o, 154 = x*o + o + f. Is o a prime number?
True
Suppose -4*v = d - 186, -3*v + 8*v + d - 233 = 0. Is v a composite number?
False
Is (299/3)/((-2)/(-6)) composite?
True
Suppose 11 = -4*u + 31. Suppose -3*c + 251 = 4*g, -3*c = -u*c - 6. Is g composite?
True
Let z(x) = x**2 + 7*x + 6. Let s be z(-5). Let v = -1 - s. Suppose -d = -v*d + 42. Is d composite?
True
Let b(i) = -i**3 + 2*i**2 + 3*i + 3907. Is b(0) a composite number?
False
Suppose 2*q - 2*b = 145 + 65, -5*b - 213 = -2*q. Let f = 190 - q. Is f a composite number?
True
Let l = -11 + 17. Let g be (-1)/(-2)*(0 + l). Suppose -g*k = -3*r - 96, 5*k + r + 4*r = 150. Is k prime?
True
Let u be 8 + -7 - (-1 - 0). Suppose u*k - 152 = -2*k. Is k composite?
True
Suppose 4*i = 5*h + 9*i - 5980, -h + 3*i + 1192 = 0. Is h prime?
False
Let z = 6 - 5. Let n(j) = -9*j - 1. Let m be n(z). Let k = m + 20. Is k prime?
False
Let u be (146/4)/((-4)/(-48)). Suppose 228 = 2*d + 4*v, -v = -3*d - d + u. Suppose 2*k = -3*x + k + d, 0 = x - 2*k - 39. Is x a prime number?
True
Suppose -4*f + 61 = 345. Let h = f + 130. Is h composite?
False
Is (-9)/(-9) + 0 + -2 + 146 composite?
True
Let y be (4/6)/(8/36). Let s(f) = 2 + f**y + 2*f**2 + 2*f - 2. Is s(3) prime?
False
Let z(x) = 29*x + 1. Suppose 1 = l + d, 0 = -4*l + 6*d - d - 14. Let r be z(l). Is (r/12)/((-1)/9) a composite number?
True
Let t(m) = 6*m**2 + 3*m + 5. Let w = 0 - -